{"id":32,"date":"2021-06-22T18:56:48","date_gmt":"2021-06-22T18:56:48","guid":{"rendered":"http:\/\/texaswic.net\/?page_id=32"},"modified":"2021-07-15T13:22:44","modified_gmt":"2021-07-15T13:22:44","slug":"home-espanol","status":"publish","type":"page","link":"https:\/\/texaswic.net\/?page_id=32&lang=es","title":{"rendered":"Inicio"},"content":{"rendered":"\t\t<div data-elementor-type=\"wp-page\" data-elementor-id=\"32\" class=\"elementor elementor-32\">\n\t\t\t\t\t\t<section class=\"elementor-section elementor-top-section elementor-element elementor-element-a3b4271 elementor-section-boxed elementor-section-height-default elementor-section-height-default\" data-id=\"a3b4271\" data-element_type=\"section\" data-e-type=\"section\">\n\t\t\t\t\t\t<div class=\"elementor-container elementor-column-gap-default\">\n\t\t\t\t\t<div class=\"elementor-column elementor-col-100 elementor-top-column elementor-element elementor-element-189421a\" data-id=\"189421a\" data-element_type=\"column\" data-e-type=\"column\">\n\t\t\t<div class=\"elementor-widget-wrap elementor-element-populated\">\n\t\t\t\t\t\t<div class=\"elementor-element elementor-element-beef080 elementor-widget elementor-widget-text-editor\" data-id=\"beef080\" data-element_type=\"widget\" data-e-type=\"widget\" data-widget_type=\"text-editor.default\">\n\t\t\t\t<div class=\"elementor-widget-container\">\n\t\t\t\t\t\t\t\t\t<p><\/p><h3 class=\"wp-block-heading\"><strong>Mujeres, Beb\u00e9s y Ni\u00f1os &#8211; WIC Texas\u00a0 Directory<\/strong><\/h3><p> <\/p><p>\u00a1Bienvenido a TexasWIC.net!<\/p><p> <\/p><p>WIC (Mujeres, beb\u00e9s y ni\u00f1os) es un programa que brinda apoyo a las madres embarazadas que amamantan y a sus beb\u00e9s hasta la edad de 5 a\u00f1os. Nuestro directorio de WIC en l\u00ednea lo ayudar\u00e1 a encontrar tiendas de comestibles principalmente con productos de\u00a0 WIC, cl\u00ednicas WIC \/ oficinas de WIC en el \u00e1rea de Texas. Queremos ayudarle a obtener acceso a los recursos de WIC cerca de donde vive.<\/p><p> <\/p><p>Haga clic en los botones a continuaci\u00f3n para encontrar las cl\u00ednicas WIC de Texas o las tiendas de comestibles PWIC cerca de su vecindario en el \u00e1rea.<\/p><p><\/p>\t\t\t\t\t\t\t\t<\/div>\n\t\t\t\t<\/div>\n\t\t\t\t\t<\/div>\n\t\t<\/div>\n\t\t\t\t\t<\/div>\n\t\t<\/section>\n\t\t\t\t<\/div>\n\t\t","protected":false},"excerpt":{"rendered":"<p>Mujeres, Beb\u00e9s y Ni\u00f1os &#8211; WIC Texas\u00a0 Directory \u00a1Bienvenido a TexasWIC.net! WIC (Mujeres, beb\u00e9s y ni\u00f1os) es un programa que brinda apoyo a las madres embarazadas que amamantan y a sus beb\u00e9s hasta la edad de 5 a\u00f1os. Nuestro directorio de WIC en l\u00ednea lo ayudar\u00e1 a encontrar tiendas de comestibles principalmente con productos de\u00a0 [&hellip;]<\/p>\n","protected":false},"author":1,"featured_media":0,"parent":0,"menu_order":0,"comment_status":"closed","ping_status":"closed","template":"","meta":{"footnotes":""},"class_list":["post-32","page","type-page","status-publish","hentry"],"yoast_head":"<!-- This site is optimized with the Yoast SEO plugin v27.4 - https:\/\/yoast.com\/product\/yoast-seo-wordpress\/ -->\n<title>Inicio - TexasWic.Net<\/title>\n<meta name=\"robots\" content=\"index, follow, max-snippet:-1, max-image-preview:large, max-video-preview:-1\" \/>\n<link rel=\"canonical\" href=\"https:\/\/texaswic.net\/?page_id=32&lang=es\" \/>\n<meta property=\"og:locale\" content=\"en_US\" \/>\n<meta property=\"og:type\" content=\"article\" \/>\n<meta property=\"og:title\" content=\"Inicio - TexasWic.Net\" \/>\n<meta property=\"og:description\" content=\"Mujeres, Beb\u00e9s y Ni\u00f1os &#8211; WIC Texas\u00a0 Directory \u00a1Bienvenido a TexasWIC.net! WIC (Mujeres, beb\u00e9s y ni\u00f1os) es un programa que brinda apoyo a las madres embarazadas que amamantan y a sus beb\u00e9s hasta la edad de 5 a\u00f1os. Nuestro directorio de WIC en l\u00ednea lo ayudar\u00e1 a encontrar tiendas de comestibles principalmente con productos de\u00a0 [&hellip;]\" \/>\n<meta property=\"og:url\" content=\"https:\/\/texaswic.net\/?page_id=32&amp;lang=es\" \/>\n<meta property=\"og:site_name\" content=\"TexasWic.Net\" \/>\n<meta property=\"article:modified_time\" content=\"2021-07-15T13:22:44+00:00\" \/>\n<meta name=\"twitter:card\" content=\"summary_large_image\" \/>\n<meta name=\"twitter:label1\" content=\"Est. reading time\" \/>\n\t<meta name=\"twitter:data1\" content=\"1 minute\" \/>\n<script type=\"application\/ld+json\" class=\"yoast-schema-graph\">{\"@context\":\"https:\\\/\\\/schema.org\",\"@graph\":[{\"@type\":\"WebPage\",\"@id\":\"https:\\\/\\\/texaswic.net\\\/?page_id=32&lang=es\",\"url\":\"https:\\\/\\\/texaswic.net\\\/?page_id=32&lang=es\",\"name\":\"Inicio - TexasWic.Net\",\"isPartOf\":{\"@id\":\"https:\\\/\\\/texaswic.net\\\/#website\"},\"datePublished\":\"2021-06-22T18:56:48+00:00\",\"dateModified\":\"2021-07-15T13:22:44+00:00\",\"breadcrumb\":{\"@id\":\"https:\\\/\\\/texaswic.net\\\/?page_id=32&lang=es#breadcrumb\"},\"inLanguage\":\"en-US\",\"potentialAction\":[{\"@type\":\"ReadAction\",\"target\":[\"https:\\\/\\\/texaswic.net\\\/?page_id=32&lang=es\"]}]},{\"@type\":\"BreadcrumbList\",\"@id\":\"https:\\\/\\\/texaswic.net\\\/?page_id=32&lang=es#breadcrumb\",\"itemListElement\":[{\"@type\":\"ListItem\",\"position\":1,\"name\":\"Home\",\"item\":\"https:\\\/\\\/texaswic.net\\\/\"},{\"@type\":\"ListItem\",\"position\":2,\"name\":\"Inicio\"}]},{\"@type\":\"WebSite\",\"@id\":\"https:\\\/\\\/texaswic.net\\\/#website\",\"url\":\"https:\\\/\\\/texaswic.net\\\/\",\"name\":\"TexasWic.Net\",\"description\":\"Just another WordPress site\",\"publisher\":{\"@id\":\"https:\\\/\\\/texaswic.net\\\/#organization\"},\"potentialAction\":[{\"@type\":\"SearchAction\",\"target\":{\"@type\":\"EntryPoint\",\"urlTemplate\":\"https:\\\/\\\/texaswic.net\\\/?s={search_term_string}\"},\"query-input\":{\"@type\":\"PropertyValueSpecification\",\"valueRequired\":true,\"valueName\":\"search_term_string\"}}],\"inLanguage\":\"en-US\"},{\"@type\":\"Organization\",\"@id\":\"https:\\\/\\\/texaswic.net\\\/#organization\",\"name\":\"TexasWic.Net\",\"url\":\"https:\\\/\\\/texaswic.net\\\/\",\"logo\":{\"@type\":\"ImageObject\",\"inLanguage\":\"en-US\",\"@id\":\"https:\\\/\\\/texaswic.net\\\/#\\\/schema\\\/logo\\\/image\\\/\",\"url\":\"http:\\\/\\\/texaswic.net\\\/wp-content\\\/uploads\\\/2021\\\/06\\\/minilogo.jpg\",\"contentUrl\":\"http:\\\/\\\/texaswic.net\\\/wp-content\\\/uploads\\\/2021\\\/06\\\/minilogo.jpg\",\"width\":129,\"height\":129,\"caption\":\"TexasWic.Net\"},\"image\":{\"@id\":\"https:\\\/\\\/texaswic.net\\\/#\\\/schema\\\/logo\\\/image\\\/\"}}]}<\/script>\n<!-- \/ Yoast SEO plugin. -->","yoast_head_json":{"title":"Inicio - TexasWic.Net","robots":{"index":"index","follow":"follow","max-snippet":"max-snippet:-1","max-image-preview":"max-image-preview:large","max-video-preview":"max-video-preview:-1"},"canonical":"https:\/\/texaswic.net\/?page_id=32&lang=es","og_locale":"en_US","og_type":"article","og_title":"Inicio - TexasWic.Net","og_description":"Mujeres, Beb\u00e9s y Ni\u00f1os &#8211; WIC Texas\u00a0 Directory \u00a1Bienvenido a TexasWIC.net! WIC (Mujeres, beb\u00e9s y ni\u00f1os) es un programa que brinda apoyo a las madres embarazadas que amamantan y a sus beb\u00e9s hasta la edad de 5 a\u00f1os. Nuestro directorio de WIC en l\u00ednea lo ayudar\u00e1 a encontrar tiendas de comestibles principalmente con productos de\u00a0 [&hellip;]","og_url":"https:\/\/texaswic.net\/?page_id=32&lang=es","og_site_name":"TexasWic.Net","article_modified_time":"2021-07-15T13:22:44+00:00","twitter_card":"summary_large_image","twitter_misc":{"Est. reading time":"1 minute"},"schema":{"@context":"https:\/\/schema.org","@graph":[{"@type":"WebPage","@id":"https:\/\/texaswic.net\/?page_id=32&lang=es","url":"https:\/\/texaswic.net\/?page_id=32&lang=es","name":"Inicio - TexasWic.Net","isPartOf":{"@id":"https:\/\/texaswic.net\/#website"},"datePublished":"2021-06-22T18:56:48+00:00","dateModified":"2021-07-15T13:22:44+00:00","breadcrumb":{"@id":"https:\/\/texaswic.net\/?page_id=32&lang=es#breadcrumb"},"inLanguage":"en-US","potentialAction":[{"@type":"ReadAction","target":["https:\/\/texaswic.net\/?page_id=32&lang=es"]}]},{"@type":"BreadcrumbList","@id":"https:\/\/texaswic.net\/?page_id=32&lang=es#breadcrumb","itemListElement":[{"@type":"ListItem","position":1,"name":"Home","item":"https:\/\/texaswic.net\/"},{"@type":"ListItem","position":2,"name":"Inicio"}]},{"@type":"WebSite","@id":"https:\/\/texaswic.net\/#website","url":"https:\/\/texaswic.net\/","name":"TexasWic.Net","description":"Just another WordPress site","publisher":{"@id":"https:\/\/texaswic.net\/#organization"},"potentialAction":[{"@type":"SearchAction","target":{"@type":"EntryPoint","urlTemplate":"https:\/\/texaswic.net\/?s={search_term_string}"},"query-input":{"@type":"PropertyValueSpecification","valueRequired":true,"valueName":"search_term_string"}}],"inLanguage":"en-US"},{"@type":"Organization","@id":"https:\/\/texaswic.net\/#organization","name":"TexasWic.Net","url":"https:\/\/texaswic.net\/","logo":{"@type":"ImageObject","inLanguage":"en-US","@id":"https:\/\/texaswic.net\/#\/schema\/logo\/image\/","url":"http:\/\/texaswic.net\/wp-content\/uploads\/2021\/06\/minilogo.jpg","contentUrl":"http:\/\/texaswic.net\/wp-content\/uploads\/2021\/06\/minilogo.jpg","width":129,"height":129,"caption":"TexasWic.Net"},"image":{"@id":"https:\/\/texaswic.net\/#\/schema\/logo\/image\/"}}]}},"_links":{"self":[{"href":"https:\/\/texaswic.net\/index.php?rest_route=\/wp\/v2\/pages\/32","targetHints":{"allow":["GET"]}}],"collection":[{"href":"https:\/\/texaswic.net\/index.php?rest_route=\/wp\/v2\/pages"}],"about":[{"href":"https:\/\/texaswic.net\/index.php?rest_route=\/wp\/v2\/types\/page"}],"author":[{"embeddable":true,"href":"https:\/\/texaswic.net\/index.php?rest_route=\/wp\/v2\/users\/1"}],"replies":[{"embeddable":true,"href":"https:\/\/texaswic.net\/index.php?rest_route=%2Fwp%2Fv2%2Fcomments&post=32"}],"version-history":[{"count":0,"href":"https:\/\/texaswic.net\/index.php?rest_route=\/wp\/v2\/pages\/32\/revisions"}],"wp:attachment":[{"href":"https:\/\/texaswic.net\/index.php?rest_route=%2Fwp%2Fv2%2Fmedia&parent=32"}],"curies":[{"name":"wp","href":"https:\/\/api.w.org\/{rel}","templated":true}]}}